ommon factor of 192 and 10536?
24
Calculate the greatest common factor of 168163 and 674.
337
What is the highest common divisor of 292 and 11887028?
292
Calculate the highest common factor of 219 and 1997499.
219
Calculate the greatest common divisor of 12000 and 2260.
20
What is the greatest common divisor of 12083 and 4429?
43
What is the greatest common divisor of 108 and 8544?
12
What is the highest common divisor of 13 and 1234?
1
What is the highest common factor of 55 and 178519?
11
What is the greatest common factor of 496 and 443968?
16
What is the highest common factor of 700 and 132650?
350
What is the highest common factor of 89035 and 5?
5
What is the highest common divisor of 640 and 31160?
40
What is the greatest common divisor of 308 and 711172?
308
What is the highest common divisor of 1281 and 7869?
183
Calculate the highest common factor of 2448 and 83504.
272
What is the greatest common factor of 287 and 1459969?
287
Calculate the highest common factor of 47 and 44697.
47
What is the greatest common divisor of 10808 and 1064?
56
What is the highest common divisor of 348 and 169998?
174
What is the greatest common factor of 5544 and 1295910?
1386
What is the highest common divisor of 206 and 1100761?
103
What is the highest common factor of 23727 and 1221?
33
Calculate the highest common factor of 48 and 6036.
12
Calculate the highest common divisor of 59249 and 2648.
331
What is the highest common factor of 3318231 and 147?
147
Calculate the greatest common factor of 700 and 4140.
20
Calculate the highest common factor of 84 and 1781640.
84
Calculate the greatest common factor of 2124 and 1368564.
708
What is the greatest common factor of 92 and 1012?
92
What is the highest common factor of 35216 and 22320?
496
Calculate the highest common divisor of 41718 and 162.
6
Calculate the greatest common factor of 23376 and 240.
48
Calculate the highest common divisor of 5742570 and 60.
30
Calculate the greatest common factor of 142 and 311548.
142
Calculate the highest common factor of 192 and 2874.
6
What is the greatest common factor of 168 and 648?
24
What is the greatest common divisor of 16215 and 31165?
115
Calculate the highest common divisor of 29425 and 49327.
107
What is the highest common divisor of 63 and 198756?
9
Calculate the highest common factor of 426 and 939756.
426
Calculate the greatest common factor of 336 and 63280.
112
What is the greatest common divisor of 28308 and 651?
21
What is the greatest common divisor of 140 and 1640?
20
What is the highest common divisor of 1830608 and 338?
338
What is the highest common factor of 9825 and 75?
75
What is the greatest common factor of 94 and 57998?
94
Calculate the greatest common divisor of 236321 and 1124.
281
What is the greatest common divisor of 45162 and 2895?
579
Calculate the highest common divisor of 240 and 573000.
120
Calculate the greatest common factor of 369 and 103197.
123
What is the highest common factor of 63660 and 135?
15
Calculate the greatest common factor of 55 and 3503467.
11
Calculate the greatest common divisor of 114 and 3180258.
114
What is the highest common divisor of 664433 and 77?
77
What is the greatest common factor of 254393 and 355?
71
What is the highest common divisor of 2927 and 6?
1
What is the greatest common factor of 32431 and 9379?
113
Calculate the greatest common factor of 410 and 120868.
82
What is the greatest common divisor of 314859 and 12?
3
What is the highest common divisor of 1750 and 2121?
7
What is the greatest common factor of 1175 and 75?
25
Calculate the greatest common divisor of 8312 and 56.
8
What is the greatest common divisor of 319 and 31523?
29
What is the greatest common factor of 188 and 842428?
188
What is the highest common factor of 248 and 70184?
248
Calculate the greatest common divisor of 1404 and 6888.
12
Calculate the greatest common divisor of 15330 and 875.
35
Calculate the greatest common divisor of 469680 and 57.
57
What is the highest common factor of 140 and 1081220?
140
What is the greatest common factor of 287 and 11606?
7
Calculate the greatest common divisor of 2016 and 82208.
224
Calculate the highest common divisor of 45 and 41337.
9
What is the greatest common divisor of 8062 and 2030?
58
What is the highest common divisor of 31301 and 4746?
113
What is the greatest common factor of 1634 and 2242?
38
Calculate the highest common divisor of 13703 and 355.
71
What is the highest common divisor of 272 and 58888?
136
What is the highest common divisor of 32 and 1138976?
32
What is the highest common factor of 114 and 1373586?
114
What is the greatest common divisor of 272 and 67082?
34
What is the highest common divisor of 204128 and 864?
32
What is the greatest common divisor of 61071 and 3?
3
Calculate the highest common divisor of 709936 and 128.
16
What is the highest common divisor of 48113 and 208?
13
Calculate the greatest common divisor of 846 and 46098.
18
Calculate the greatest common factor of 137970 and 540.
270
Calculate the highest common factor of 1000 and 650.
50
Calculate the highest common factor of 1128 and 18672.
24
Calculate the highest common factor of 1000 and 61800.
200
Calculate the greatest common divisor of 2637 and 211546.
293
What is the greatest common factor of 47040 and 525?
105
What is the greatest common divisor of 17476 and 8481?
257
Calculate the greatest common divisor of 1923194 and 130.
26
Calculate the greatest common factor of 21 and 239841.
21
Calculate the greatest common factor of 6118 and 378.
14
Calculate the greatest common divisor of 26 and 100906.
26
What is the greatest common factor of 1413 and 18387?
9
What is the highest common divisor of 336910 and 154?
14
What is the greatest common divisor of 158310 and 90?
90
What is the highest common factor of 1996614 and 18?
18
What is the highest common factor of 120 and 1104990?
30
Calculate the greatest common factor of 165 and 155661.
33
Calculate the highest common factor of 364233 and 19533.
1149
Calculate the highest common factor of 24 and 3061644.
12
What is the highest common factor of 76095 and 342?
171
What is the highest common factor of 782 and 114529?
17
Calculate the highest common factor of 54 and 32454.
54
What is the greatest common divisor of 3400 and 1496?
136
What is the highest common divisor of 293293 and 2002?
1001
What is the highest common divisor of 3949 and 3883?
11
What is the greatest common divisor of 444 and 486?
6
What is the highest common factor of 56600 and 500?
100
What is the highest common divisor of 118871 and 58?
29
Calculate the highest common divisor of 957 and 3531.
33
What is the greatest common divisor of 11 and 401291?
11
Calculate the highest common factor of 4433 and 527.
31
What is the greatest common divisor of 11700 and 8424?
468
Calculate the highest common factor of 1888 and 2746096.
944
Calculate the greatest common factor of 88 and 1897346.
22
Calculate the highest common factor of 913 and 8698151.
913
What is the highest common factor of 528 and 116248?
88
What is the highest common factor of 4184 and 56?
8
Calculate the highest common factor of 12495 and 490.
245
What is the greatest common divisor of 413 and 165613?
413
Calculate the highest common factor of 159268 and 319.
29
What is the highest common divisor of 65 and 90129?
13
Calculate the highest common divisor of 40 and 29.
1
What is the highest common divisor of 3173 and 1919?
19
Calculate the highest common divisor of 39307 and 23.
23
What is the greatest common divisor of 32 and 2312?
8
What is the highest common divisor of 803 and 169433?
803
Calculate the highest common divisor of 650 and 1274.
26
What is the highest common factor of 110 and 531410?
110
Calculate the greatest common divisor of 140097 and 1809.
201
What is the greatest common factor of 1687518 and 2124?
1062
Calculate the highest common divisor of 25554 and 18.
6
What is the greatest common factor of 2315 and 6482?
463
What is the greatest common factor of 7504 and 8624?
112
Calculate the greatest common factor of 110 and 31130.
110
Calculate the highest common factor of 3983367 and 3.
3
What is the highest common divisor of 199068 and 14628?
636
What is the highest common divisor of 755902 and 47